104612141
What are the prime factors of 685822377?
3, 3581, 63839
What are the prime factors of 754160550?
2, 3, 5, 11, 13, 35159
What are the prime factors of 16127549?
16127549
What are the prime factors of 231680955?
3, 5, 11, 23, 41, 1489
What are the prime factors of 6772667270?
2, 5, 43, 179, 87991
What are the prime factors of 45958023?
3, 567383
List the prime factors of 164141012.
2, 7, 5862179
List the prime factors of 470300940.
2, 3, 5, 139, 18797
What are the prime factors of 260352734?
2, 317, 410651
What are the prime factors of 238874498?
2, 19, 53, 83, 1429
List the prime factors of 6319418838.
2, 3, 4663, 225871
What are the prime factors of 146738845?
5, 11, 2667979
List the prime factors of 62123516.
2, 7, 13, 170669
What are the prime factors of 58933832?
2, 17, 433337
List the prime factors of 60773116.
2, 89, 170711
List the prime factors of 139669847.
139669847
List the prime factors of 329035512.
2, 3, 13, 311, 3391
What are the prime factors of 1258564976?
2, 78660311
What are the prime factors of 1577646448?
2, 7, 1187, 11867
What are the prime factors of 66986468?
2, 47, 356311
What are the prime factors of 55808113?
919, 60727
List the prime factors of 4733364.
2, 3, 79, 4993
What are the prime factors of 64302832?
2, 11, 365357
What are the prime factors of 2720456185?
5, 544091237
What are the prime factors of 181043656?
2, 22630457
List the prime factors of 85427614.
2, 42713807
What are the prime factors of 126067598?
2, 7841, 8039
What are the prime factors of 148062446?
2, 7, 151, 70039
List the prime factors of 221010249.
3, 3257, 22619
What are the prime factors of 225521725?
5, 11, 13, 199, 317
List the prime factors of 909406742.
2, 43, 1021, 10357
List the prime factors of 2667798374.
2, 4091, 326057
List the prime factors of 383982348.
2, 3, 31998529
What are the prime factors of 19882674?
2, 3, 7, 157799
List the prime factors of 911677365.
3, 5, 20259497
What are the prime factors of 105331044?
2, 3, 7, 13, 96457
List the prime factors of 1445514369.
3, 13, 17, 211, 10333
List the prime factors of 119065827.
3, 39688609
What are the prime factors of 1724858399?
11, 19, 1013, 8147
List the prime factors of 1255945200.
2, 3, 5, 587, 1783
What are the prime factors of 1566068440?
2, 5, 29, 1350059
List the prime factors of 253098927.
3, 28122103
List the prime factors of 1359029522.
2, 31, 21919831
List the prime factors of 15792666.
2, 3, 2632111
What are the prime factors of 223400747?
127, 271, 6491
List the prime factors of 2230448956.
2, 557612239
List the prime factors of 4037326870.
2, 5, 67, 167, 36083
List the prime factors of 833405780.
2, 5, 41670289
What are the prime factors of 607008845?
5, 121401769
What are the prime factors of 99159040?
2, 5, 107, 181
List the prime factors of 184598446.
2, 373, 247451
What are the prime factors of 3452028087?
3, 41, 28065269
What are the prime factors of 134470268?
2, 139, 367, 659
List the prime factors of 2952483930.
2, 3, 5, 11, 1049, 2843
What are the prime factors of 528313929?
3, 11, 13, 863, 1427
List the prime factors of 304227400.
2, 5, 29, 52453
What are the prime factors of 5277579539?
1613, 3271903
What are the prime factors of 51104210?
2, 5, 17, 43, 6991
List the prime factors of 208656482.
2, 104328241
What are the prime factors of 22147685?
5, 7, 17, 37223
List the prime factors of 61294366.
2, 7, 443, 9883
What are the prime factors of 36029834?
2, 17, 1059701
List the prime factors of 493327971.
3, 1399, 39181
List the prime factors of 70389162.
2, 3, 434501
List the prime factors of 1205633652.
2, 3, 100469471
What are the prime factors of 17145438?
2, 3, 29, 211, 467
What are the prime factors of 613880170?
2, 5, 89, 733, 941
List the prime factors of 622603486.
2, 311301743
What are the prime factors of 4989051913?
41, 593, 205201
List the prime factors of 2329537066.
2, 19, 2381, 25747
What are the prime factors of 43657507?
43657507
List the prime factors of 398631710.
2, 5, 37, 107, 10069
List the prime factors of 1699082301.
3, 7, 11558383
What are the prime factors of 61998620?
2, 5, 71, 43661
What are the prime factors of 961578282?
2, 3, 7, 22894721
What are the prime factors of 47231517?
3, 29, 542891
List the prime factors of 56531546.
2, 1283, 22031
What are the prime factors of 39759664?
2, 7, 354997
What are the prime factors of 22397766?
2, 3, 3732961
List the prime factors of 753563998.
2, 11, 17, 2014877
List the prime factors of 2091765829.
2091765829
List the prime factors of 589988530.
2, 5, 58998853
What are the prime factors of 11334100?
2, 5, 113341
What are the prime factors of 1589193388?
2, 17, 29, 79, 101
What are the prime factors of 143615606?
2, 71807803
List the prime factors of 38428192.
2, 11, 109171
List the prime factors of 286060251.
3, 95353417
List the prime factors of 4777891277.
4777891277
List the prime factors of 2772663809.
47, 2113, 27919
List the prime factors of 285123389.
29, 41, 8269
What are the prime factors of 335909051?
37, 83, 89, 1229
List the prime factors of 138960005.
5, 27792001
List the prime factors of 34056641.
71, 103, 4657
List the prime factors of 31283917.
7, 4469131
List the prime factors of 53632618.
2, 13, 997, 2069
What are the prime factors of 31316665?
5, 29, 31, 6967
List the prime factors of 25624625.
5, 13, 1213
List the prime factors of 24557437.
773, 31769
What are the prime factors of 26519363?
13, 2039951
What are the prime factors of 2412238791?
3, 37, 73, 349, 853
List the prime factors of 2824047047.
9739, 289973
What are the prime factors of 6559243573?
83, 3049, 25919
List the prime factors of 21150085.
5, 11, 384547
What are the prime factors of 77912998?
2, 38956499
What are the prime factors of 79990021?
23, 3477827
What are the prime factors of 1078524913?
2203, 489571
What are the prime factors of 13969233?
3, 41, 12619
List the prime factors of 54860266.
2, 31, 431, 2053
List the prime factors of 143508704.
2, 29, 154643
List the prime factors of 1215331178.
2, 23, 883, 29921
List the prime factors of 36602126.
2, 11, 1051, 1583
What are the prime factors of 2339742899?
13, 179980223
List the prime factors of 76491124.
2, 19122781
List the prime factors of 426774549.
3, 142258183
List the prime factors of 467258776.
2, 137, 426331
List the prime factors of 636972344.
2, 1697, 46919
What are the prime factors of 19462261?
7, 13, 30553
List the prime factors of 55395082.
2, 27697541
What are the prime factors of 1991416118?
2, 89, 887, 12613
What are the prime factors of 175976476?
2, 13, 487, 6949
List the prime factors of 3025915738.
2, 29, 397, 131413
What are the prime factors of 18685394?
2, 7, 13, 102667
What are the prime factors of 1268552968?
2, 1871, 84751
What are the prime factors of 83031905?
5, 11, 103, 14657
List the prime factors of 29203055.
5, 7, 233, 3581
List the prime factors of 6022964546.
2, 19, 97, 1634011
List the prime factors of 320645392.
2, 23, 263, 3313
What are the prime factors of 5443733412?
2, 3, 13, 59, 65717
What are the prime factors of 30374572?
2, 7593643
What are the prime factors of 1512662740?
2, 5, 75633137
What are the prime factors of 86435035?
5, 23, 751609
What are the prime factors of 1080034100?
2, 5, 19, 568439
What are the prime factors of 1588206832?
2, 41, 2421047
What are the prime factors of 3769771043?
97, 38863619
List the prime factors of 180905446.
2, 59, 1031, 1487
What are the prime factors of 3273329507?
7, 661, 101063
What are the prime factors of 2526809049?
3, 23, 41, 297727
List the prime factors of 55991745.
3, 5, 1244261
What are the prime factors of 443126169?
3, 3943, 12487
What are the prime factors of 320560958?
2, 43, 73, 51061
What are the prime factors of 1208354311?
173, 6984707
List the prime factors of 842660530.
2, 5, 84266053
List the prime factors of 19203695.
5, 7, 548677
List the prime factors of 167385266.
2, 83692633
List the prime factors of 834799760.
2, 5, 10434997
List the prime factors of 66660700.
2, 5, 666607
List the prime factors of 13295968.
2, 7, 59357
What are the prime factors of 4327121310?
2, 3, 5, 144237377
List the prime factors of 289134577.
1279, 226063
List the prime factors of 424498584.
2, 3, 41, 389, 1109
What are the prime factors of 132